mainder when 125 is divided by 8.
5
Calculate the remainder when 1391 is divided by 5.
1
Calculate the remainder when 166 is divided by 28.
26
What is the remainder when 97 is divided by 11?
9
What is the remainder when 45 is divided by 19?
7
Calculate the remainder when 652 is divided by 217.
1
Calculate the remainder when 32 is divided by 3.
2
What is the remainder when 296 is divided by 45?
26
Calculate the remainder when 196 is divided by 33.
31
What is the remainder when 185 is divided by 83?
19
Calculate the remainder when 315 is divided by 60.
15
Calculate the remainder when 80 is divided by 13.
2
Calculate the remainder when 116 is divided by 6.
2
Calculate the remainder when 389 is divided by 28.
25
Calculate the remainder when 11857 is divided by 59.
57
What is the remainder when 443 is divided by 224?
219
Calculate the remainder when 4581 is divided by 158.
157
What is the remainder when 1344 is divided by 672?
0
What is the remainder when 148 is divided by 45?
13
Calculate the remainder when 196 is divided by 22.
20
What is the remainder when 14175 is divided by 34?
31
Calculate the remainder when 542 is divided by 528.
14
Calculate the remainder when 1566 is divided by 13.
6
What is the remainder when 975 is divided by 109?
103
Calculate the remainder when 1142 is divided by 13.
11
Calculate the remainder when 446 is divided by 73.
8
What is the remainder when 146 is divided by 41?
23
Calculate the remainder when 139 is divided by 36.
31
What is the remainder when 130 is divided by 39?
13
Calculate the remainder when 427 is divided by 39.
37
What is the remainder when 249 is divided by 43?
34
What is the remainder when 49 is divided by 32?
17
Calculate the remainder when 2854 is divided by 7.
5
Calculate the remainder when 250 is divided by 42.
40
What is the remainder when 13822 is divided by 35?
32
Calculate the remainder when 58 is divided by 11.
3
What is the remainder when 140 is divided by 25?
15
Calculate the remainder when 782 is divided by 151.
27
Calculate the remainder when 4977 is divided by 332.
329
What is the remainder when 271 is divided by 254?
17
What is the remainder when 2495 is divided by 413?
17
Calculate the remainder when 345 is divided by 50.
45
What is the remainder when 1613 is divided by 147?
143
Calculate the remainder when 133 is divided by 60.
13
Calculate the remainder when 469 is divided by 19.
13
Calculate the remainder when 2320 is divided by 6.
4
Calculate the remainder when 978 is divided by 14.
12
What is the remainder when 26 is divided by 10?
6
What is the remainder when 1481 is divided by 13?
12
What is the remainder when 2215 is divided by 737?
4
What is the remainder when 262 is divided by 38?
34
What is the remainder when 9307 is divided by 245?
242
What is the remainder when 48 is divided by 17?
14
Calculate the remainder when 1415 is divided by 285.
275
Calculate the remainder when 184 is divided by 16.
8
What is the remainder when 877 is divided by 160?
77
What is the remainder when 28 is divided by 8?
4
Calculate the remainder when 74 is divided by 15.
14
What is the remainder when 750 is divided by 151?
146
Calculate the remainder when 822 is divided by 291.
240
Calculate the remainder when 137 is divided by 22.
5
What is the remainder when 1524 is divided by 457?
153
Calculate the remainder when 3055 is divided by 11.
8
What is the remainder when 173 is divided by 34?
3
What is the remainder when 389 is divided by 78?
77
What is the remainder when 262 is divided by 36?
10
Calculate the remainder when 43 is divided by 14.
1
What is the remainder when 98 is divided by 2?
0
Calculate the remainder when 42 is divided by 26.
16
Calculate the remainder when 2333 is divided by 73.
70
Calculate the remainder when 56 is divided by 26.
4
What is the remainder when 134 is divided by 7?
1
Calculate the remainder when 252 is divided by 48.
12
What is the remainder when 7167 is divided by 15?
12
Calculate the remainder when 461 is divided by 42.
41
What is the remainder when 40 is divided by 14?
12
What is the remainder when 89 is divided by 10?
9
What is the remainder when 147 is divided by 31?
23
What is the remainder when 2420 is divided by 309?
257
What is the remainder when 415 is divided by 11?
8
Calculate the remainder when 1741 is divided by 87.
1
What is the remainder when 2777 is divided by 924?
5
Calculate the remainder when 421 is divided by 38.
3
Calculate the remainder when 1493 is divided by 83.
82
What is the remainder when 55 is divided by 13?
3
Calculate the remainder when 2558 is divided by 1262.
34
Calculate the remainder when 157 is divided by 12.
1
Calculate the remainder when 18 is divided by 15.
3
Calculate the remainder when 8708 is divided by 415.
408
What is the remainder when 310 is divided by 35?
30
Calculate the remainder when 41 is divided by 38.
3
Calculate the remainder when 278 is divided by 20.
18
Calculate the remainder when 608 is divided by 21.
20
Calculate the remainder when 387 is divided by 12.
3
What is the remainder when 670 is divided by 128?
30
Calculate the remainder when 651 is divided by 35.
21
What is the remainder when 3133 is divided by 1042?
7
Calculate the remainder when 142 is divided by 72.
70
What is the remainder when 1219 is divided by 47?
44
Calculate the remainder when 404 is divided by 154.
96
What is the remainder when 222 is divided by 45?
42
Calculate the remainder when 481 is divided by 174.
133
Calculate the remainder when 366 is divided by 8.
6
What is the remainder when 119 is divided by 56?
7
Calculate the remainder when 3211 is divided by 24.
19
Calculate the remainder when 332 is divided by 105.
17
What is the remainder when 1948 is divided by 77?
23
Calculate the remainder when 499 is divided by 15.
4
What is the remainder when 732 is divided by 244?
0
What is the remainder when 114 is divided by 107?
7
Calculate the remainder when 191 is divided by 40.
31
Calculate the remainder when 1169 is divided by 89.
12
What is the remainder when 78 is divided by 6?
0
What is the remainder when 304 is divided by 239?
65
What is the remainder when 2029 is divided by 11?
5
What is the remainder when 219 is divided by 107?
5
What is the remainder when 8105 is divided by 159?
155
Calculate the remainder when 146 is divided by 22.
14
Calculate the remainder when 295 is divided by 27.
25
What is the remainder when 284 is divided by 117?
50
Calculate the remainder when 72 is divided by 28.
16
Calculate the remainder when 817 is divided by 36.
25
Calculate the remainder when 28408 is divided by 30.
28
What is the remainder when 69 is divided by 11?
3
What is the remainder when 344 is divided by 81?
20
Calculate the remainder when 839 is divided by 40.
39
Calculate the remainder when 61 is divided by 4.
1
What is the remainder when 2622 is divided by 35?
32
Calculate the remainder when 8926 is divided by 32.
30
Calculate the remainder when 281 is divided by 41.
35
Calculate the remainder when 1866 is divided by 11.
7
What is the remainder when 84 is divided by 1?
0
What is the remainder when 414 is divided by 412?
2
What is the remainder when 218 is divided by 33?
20
Calculate the remainder when 506 is divided by 99.
11
What is the remainder when 4477 is divided by 69?
61
Calculate the remainder when 227 is divided by 29.
24
Calculate the remainder when 5096 is divided by 170.
166
What is the remainder when 1279 is divided by 160?
159
What is the remainder when 273 is divided by 6?
3
Calculate the remainder when 598 is divided by 60.
58
Calculate the remainder when 147 is divided by 8.
3
Calculate the remainder when 306 is divided by 54.
36
What is the remainder when 5601 is divided by 4?
1
Calculate the remainder when 15 is divided by 14.
1
Calculate the remainder when 4435 is divided by 23.
19
Calculate the remainder when 391 is divided by 79.
75
What is the remainder when 26900 is divided by 63?
62
Calculate the remainder when 1461 is divided by 34.
33
What is the remainder when 75 is divided by 39?
36
What is the remainder when 161 is divided by 12?
5
Calculate the remainder when 7709 is divided by 15.
14
What is the remainder when 549 is divided by 92?
89
What is the remainder when 589 is divided by 29?
9
Calculate the remainder when